-4*b = 3*c - l. Is b a composite number?
True
Suppose -4*u = 6*u - 604785 - 2708765. Is u a prime number?
False
Suppose -9*o = -10*o + 6956. Suppose 4*s - o = 2*x - 4*x, -8685 = -5*s - 5*x. Is s prime?
True
Let n be (11360/(-6)*30/(-20))/1. Suppose -2*m - n = -4*m. Suppose 0 = -7*l + 113 + m. Is l prime?
False
Let w = -19 + 47. Suppose 0 = -2*a - 4*t + 7166, 29*a - w*a - 2*t = 3603. Is a a prime number?
True
Suppose 11*g = 41*g - 705211 - 1039859. Is g a prime number?
True
Suppose 0 = 3*z - 5*c + 42, 4*z + 3*c + 14 = -13. Let v be (z/6)/(-1*1/5376). Let n = v - 3283. Is n a prime number?
False
Let v(h) = -2*h - 3. Let l be v(0). Let s be l/(0 + (-3)/2859) + -1. Suppose -5*g - 3*z - 344 = -5112, -3*g + z + s = 0. Is g a composite number?
False
Let t be ((-6)/8)/(-3) - 2603432/416. Is 15/6*(-5)/(75/t) prime?
False
Let t = 332 - 170. Let k = t - -517. Is -1*(2 + k*-1) composite?
False
Let i(t) = 6*t + 36. Let m be i(-6). Is ((-2502 - -4) + m)/(-2) a prime number?
True
Let o(l) = -l**3 + 21*l**2 - 58*l + 211. Is o(-53) a composite number?
False
Let w(h) = -32896*h - 3367. Is w(-8) prime?
True
Suppose -37*f = -33*f - 24. Let y be (f/(-2) - -384)*2/3. Let t = 963 - y. Is t a prime number?
True
Suppose 4263 + 4865 = 2*q. Let m = 8853 - q. Is m a prime number?
True
Is (-189493 - 1)/(((-176)/154)/4) composite?
True
Let x = -309499 + 455973. Is x a composite number?
True
Let o(m) = -1027*m - 223. Is o(-6) composite?
False
Let q(n) = -80338*n - 541. Is q(-3) a prime number?
True
Suppose -12*y - 698460 = -18*y. Suppose 23*n + 9161 - y = 0. Is n composite?
False
Let b be (-4)/8*-2 - (-2 + -2). Let v be ((-6)/(-15))/(8/b)*14332. Suppose 5*d - v = 2*i, -2*i = d - 7*i - 712. Is d a composite number?
True
Suppose 7*y = y + 12318. Let v be (-3 - 0) + y - 4. Suppose 0*z = -6*z + v. Is z a composite number?
True
Is (4/(100/(-126995)))/((-15)/75) composite?
True
Let v(i) = 99*i**2 - 199*i + 57. Is v(-34) a prime number?
True
Let g = 4291 - -1896. Is g a composite number?
True
Let u(d) = 12*d - 23. Let q be u(7). Let h = q - 64. Is 225 - (0 - (h - -1)) composite?
False
Suppose 1 = 4*b - 7. Suppose b*z + 80 + 88 = 0. Let h = -49 - z. Is h a prime number?
False
Suppose -2*d = -10*d + 16. Let t(c) = 256*c**2 + 3. Is t(d) composite?
True
Suppose 5*o - 6733 = -3*y + 863473, o - 174023 = 2*y. Is o a prime number?
False
Let o = -4 - 2. Suppose 0 = -2*w + 634 + 28. Is (-21)/o*2*w prime?
False
Let i be ((-8155)/(-20))/(1/4). Let n(q) = 118*q + 52. Let u be n(6). Let y = i - u. Is y prime?
False
Let y = 45 + -41. Let s(n) = -2*n - 1629. Let p be s(0). Let d = y - p. Is d composite?
True
Let l(q) = -12*q + 35. Let b be l(-8). Let p = b + -123. Suppose 0 = -0*s - p*s + 4984. Is s a composite number?
True
Let n(x) = 53*x**3 + 9*x**2 - 17*x - 6. Let c be n(5). Suppose 0 = 31*j - 191300 - c. Is j composite?
False
Let r(l) = 21827*l**2 - 387*l + 33. Is r(-10) composite?
False
Suppose -33*j + 2012754 = -505245. Is j a prime number?
True
Let a(w) = w**3 - 5*w**2 - 17*w - 40. Let x be a(-8). Let t = x - -2310. Is t a composite number?
True
Let h(q) = 1971*q + 156. Let r be h(5). Suppose -r = -7*j + 34432. Is j composite?
True
Suppose -5*d + 41*p - 40*p + 22 = 0, 0 = -5*d + 2*p + 24. Suppose 3*z - 16957 = -3*m + 42575, 0 = d*m - 2*z - 79394. Is m a prime number?
False
Let h = -478 + 6464. Let l = h - -13927. Is l prime?
True
Let j(u) = 178*u. Let g = -119 + 129. Let w be j(g). Suppose 5*p - w = -5*a, 2*p - 1422 = 6*a - 10*a. Is a a prime number?
False
Suppose -114*o + 1355944 + 1612685 = 525267. Is o a composite number?
False
Suppose b = -5*d + 2*b + 6, -2 = -3*d - b. Suppose -1 = -2*s + f + d, 3*f - 6 = 0. Suppose s*g - 451 - 215 = -c, 2*g - c = 674. Is g a prime number?
False
Suppose s - 145534 = 3*k, 2*s + 173*k = 169*k + 291058. Is s composite?
False
Suppose 14*w + 10*w + 27*w - 24731277 = 0. Is w prime?
True
Suppose 6*u + 4 - 4 = 0. Let s be (-12534)/(-10) + 4/(-10). Suppose w - 916 = -3*c - u*w, 5*w + s = 4*c. Is c a composite number?
False
Suppose 3*n - 4953 = -4*s, 4*s - 7*s + 3301 = 2*n. Is n a composite number?
True
Suppose l - 164897 = 4*w + 30268, 2*w = 4*l - 780716. Is l a prime number?
False
Let i(w) = -483*w + 17. Let f = 28 + -42. Is i(f) a composite number?
False
Let d be 372/(-20) - (-18)/(-45). Let k(w) = -2*w - 33. Let i be k(d). Suppose -i*t + 20447 = 2*t. Is t prime?
False
Is 24/32*(2 - 24846678/(-27)) composite?
False
Let h(v) = 1240*v**2 - 18*v - 50. Let j be h(-3). Suppose 0 = -t + 3*n + j, -33522 = -3*t + 18*n - 15*n. Is t a prime number?
False
Let m = 17811 + -12153. Let y = m - 2761. Is y prime?
True
Let p(w) = w**3 - 7*w**2 - 14*w + 13. Let o be p(6). Let s = -51 - o. Suppose 4*t = -0*t + s. Is t a composite number?
True
Suppose 374*h = 382*h - 407848. Is h a composite number?
True
Suppose 0 = -4*p + 102 - 82. Suppose -2*n = p*d - 26005, 6*n = n. Is d a composite number?
True
Let r(o) = 261*o**2 - 5*o + 7. Suppose 3*v = -9, -3*q - v + 19 + 5 = 0. Suppose 3*j = -l - l + 4, 2*j = 5*l + q. Is r(j) composite?
True
Let q(g) = 4 + 4*g**2 + 2*g**2 - g**3 + 4*g - 2. Let w be q(6). Suppose -9*a - 14297 = -w*a. Is a a composite number?
True
Suppose 17*x = 40*x - 253. Is 9413/((x + -8)/3) a composite number?
False
Is (-15497)/(-11 + (-231)/(-22)) a composite number?
True
Let v(u) = 54668*u + 567. Is v(1) prime?
False
Suppose -191*x = -125*x - 248296290. Is x a composite number?
True
Suppose -263 - 1497 = 10*a. Let w = a + 465. Is w prime?
False
Let g(c) = -6785*c - 61. Is g(-24) a prime number?
True
Let x(p) = 235*p**2 - 3*p + 7. Suppose 67 - 57 = -2*k. Is x(k) a prime number?
True
Is ((-56 - 765)/(6/(-254)))/(3/9) prime?
False
Let s = 50 - 50. Suppose s = -4*w + 2*k - 0*k + 1642, -5*w + 2042 = k. Let g = 1142 - w. Is g a prime number?
True
Let q = -107495 + 168756. Is q prime?
True
Let m(l) = l**3 - l**2 + l - 5. Suppose k + 6*d - 2*d - 12 = 0, -3*k + d = 3. Let s be m(k). Is (-58)/2*1*s composite?
True
Let t(u) = 1254*u**2 - 10*u + 665. Is t(-26) a prime number?
True
Let c = 35 + -30. Suppose 6 = 11*h - c. Let p(n) = 365*n - 7. Is p(h) composite?
True
Suppose 2*l = -4*y + 24, 5*y + 2*l - 35 = -7. Let q = 2895 - 2895. Suppose q = y*d + d - h - 3743, -4*d + 5*h + 2986 = 0. Is d a composite number?
True
Suppose -4*w - 4*z = -8, -4*z = 3*w - 5*z - 2. Is ((-1923)/(-6))/(w/2) composite?
False
Is 6/(-9) + (20/90 - 2577919/(-9)) a prime number?
False
Suppose -5*k + 28*k = 276. Is (87224/k)/((-4)/(-6)) a composite number?
False
Is ((-7)/(-28) - 195/60) + 1484140 a composite number?
False
Let o be (-1*5 - 966/(-207))*(1 + -7). Let v be 3/(-4)*(-16)/4. Suppose -v*g - 4*l + 7309 = 1094, -8294 = -4*g + o*l. Is g composite?
True
Let w = -51 + 55. Suppose 2098 = -l + 5*l + 3*t, -8 = -w*t. Suppose l = 4*i - 1225. Is i a composite number?
True
Let h(b) = -418*b**2 - 15*b - 63. Let a(r) = 420*r**2 + 16*r + 63. Let g(x) = -3*a(x) - 4*h(x). Is g(-4) composite?
False
Let k = -35298 + 88991. Is k a composite number?
False
Let u be (-4986)/(((-6)/(-16))/(6/(-4))). Suppose -u = -8*n + 3*n + 4*c, 0 = -2*c + 8. Suppose n = 7*o + o. Is o composite?
False
Suppose -3215*y - 9122480 = -3231*y. Is y a composite number?
True
Let f = 102 - 96. Let t = -28 - -30. Suppose 1330 = 2*s + t*r, 3337 = f*s - s - r. Is s a composite number?
True
Let p = -155987 + 239124. Is p a composite number?
False
Let y(r) = 8*r**3 - 2*r**2 - r + 1. Let i be y(-1). Is ((i/(-4))/(-2))/((-1)/3747) a composite number?
True
Suppose 0 = -3*n - 3*p + 30 + 63, 2*n + 3*p - 66 = 0. Suppose -16*i + 10*i = 6*i - 996. Suppose -n*v = -28*v + i. Is v a composite number?
False
Suppose 0*q + q - 45 = -5*u, 0 = -u - 4. Let v = q + -63. Suppose 3*h - g = 4*g + 2084, -v*h = -5*g - 1381. Is h composite?
True
Let t = 124213 - 16124. Is t a prime number?
True
Suppose 4*p = 3*d + 100, 4*d - 100 = -4*p + 9*d. Suppose -21*x = -p*x + 37804. Is x composite?
True
Suppose 61*c = 52*c + 285540 + 3330741. Is c composite?
False
Let j = 13137 - 4851. Suppose 40*i = 42*i - j. Is i prime?
False
Let l be -1*2*6/12*-1. Let c be (-240)/(-45) + (4/6 - l). Suppose 35685 = c*v - 2*d, -5*v + 10*v = -3*d + 35660. Is v a prime number?
False
Let r(m) = -m**2 - 4*m - 8. Let d be r(-2). Is (1087/d)/(3/(-60)) prime?
False
Let b = -698320 + 1317753. Is b a prime